 i(t) = -6*t + 7. Let u = 3 + -8. What are the prime factors of i(u)?
37
Let s(p) = 2*p**2 + 4*p. Let c = -1 - 3. List the prime factors of s(c).
2
Suppose 0 = -4*a + 2*a + 66. What are the prime factors of a?
3, 11
Let z(j) = -j**3 + 2*j**2 + 3*j - 4. Let w be z(3). Let r(k) = k**2 + 3*k + 3. What are the prime factors of r(w)?
7
Suppose -4*j + z = -3*z - 104, -2*j + z = -49. List the prime factors of j.
23
Let q = -6 + 8. Suppose 19 = q*m + 3*i, 5*i - 3 = 4*i. List the prime factors of m.
5
Let d be (33 - 11) + 1*2. Suppose -x - 6 = -d. List the prime factors of x.
2, 3
Let c = 121 - 59. List the prime factors of c.
2, 31
Let v = -7 + 10. Suppose -2*f = 2*o + 3*o - v, -4*f + 18 = -2*o. Suppose 24 - f = 5*l. What are the prime factors of l?
2
List the prime factors of (-732)/(1 - 4) + (5 - 3).
2, 3, 41
Let z(g) = g**2 + 11*g + 3. Let w be z(-11). Suppose 9 = 2*d + 5*s, 3*s + w = -0*s. List the prime factors of d.
7
List the prime factors of 1/3 - (-1 + (-591)/9).
67
Suppose 0 = 3*n - 15 - 138. What are the prime factors of n?
3, 17
Let k(a) = 8*a - 5. Let s be k(8). Suppose 3*q - 76 = s. List the prime factors of q.
3, 5
Let v = -6 - -18. Let a be (18/v)/((-1)/2). Let d = a - -7. What are the prime factors of d?
2
Let r = -4 - 0. Let a be (2/4)/((-1)/r). What are the prime factors of (a/4)/(1/24)?
2, 3
Suppose -3*o = -4*o + 14. List the prime factors of o.
2, 7
Suppose -5*p + 10 = 0, -3*p - 222 = -5*j + 942. List the prime factors of j.
2, 3, 13
Suppose 0 = 14*p - 8*p - 1074. What are the prime factors of p?
179
List the prime factors of ((-10)/25)/(2/(-160)).
2
Suppose -2*t = 5*u - 0*t - 14, -3*t - 4 = -5*u. Suppose 4*b + u*n - 74 = 0, -2 = 2*n + 4. What are the prime factors of b?
2, 5
Suppose -80 = -2*v - 5*y, 3*v - 4*y - 27 = 2*v. What are the prime factors of v?
5, 7
Suppose 5*w - 5 = 10. Let v(k) = k**3 + 3 - 5*k + 5*k**2 - 5*k**2. List the prime factors of v(w).
3, 5
Let r(x) = 0*x - 6*x - 2*x + 2*x**2 - 3*x**2 + 9. Let z be r(-9). Let s = 9 - z. List the prime factors of s.
3
Suppose 0 = 11*r - 913 - 1166. What are the prime factors of r?
3, 7
Let u be 3/4*24/1. Suppose 0*a = -2*a + o, -3*o = 3*a - u. Suppose -a*d + d + 12 = 0. List the prime factors of d.
2, 3
Suppose -3*r = 0, 3*f - 4*f + 3 = -2*r. Suppose 0 = -5*m + 13 - f. List the prime factors of m.
2
Suppose 5*g - 236 = g. List the prime factors of g.
59
Let f = 2 - 0. Suppose -f*h = -2*p + 5*p + 3, 15 = -3*h - p. Let w = h - -8. What are the prime factors of w?
2
Let d be 15 - (1 + 1 + -2). Suppose 0 = -5*g + d. Suppose 18 = -g*r + 54. List the prime factors of r.
2, 3
Let w = 5 - 3. Suppose n - w = -0*n. Let m(l) = 4*l. List the prime factors of m(n).
2
Suppose -4*f - 501 = -5*g, 0 = -0*g + 2*g + f - 190. What are the prime factors of g?
97
List the prime factors of (-96)/4*(-6)/9.
2
Suppose 103 + 25 = 4*i. What are the prime factors of i?
2
Let l(f) = -f**3 + 5*f**2 - 2*f - 3. Let m be l(4). Let u = 5 + m. What are the prime factors of u?
2, 5
What are the prime factors of (-80)/(-44) + (-2)/(-11)?
2
Let p = 0 + 4. Suppose -3*t = -p*t + 14. List the prime factors of t.
2, 7
Suppose 0 = -2*i + 4*o - 8, 4*i - 20 = -2*o + o. Suppose -3*h + 5 = n - i, 0 = 3*n - 4*h + 12. List the prime factors of (n + -1)*(-9)/1.
3
Let t(b) = 70*b**2 + 1. Let v be t(-1). Suppose 0 = -2*l + 11 - v. What are the prime factors of 8/(-6)*l/4?
2, 5
Let w be (1 - 4)/((-3)/2). Let b(s) = -s**3 + 5*s**2 + 7. Let h be b(5). Suppose -w*k - h = -2*u - k, 25 = 5*u - 5*k. What are the prime factors of u?
2
Let g(j) = -3*j**2 + 4*j + 2. Let u be g(2). Let s = 11 + u. What are the prime factors of s?
3
Suppose 3*b = -12, -2*b - 2*b = -5*w + 51. Let f = -8 + 8. Suppose f = -w*o + 3*o + 28. What are the prime factors of o?
7
Suppose 199 + 1 = 4*c. List the prime factors of c.
2, 5
Let k = 3 - 6. Let d(w) = -w**2 - w - 2. Let h be d(k). Let u = 11 + h. List the prime factors of u.
3
Suppose 4*a + 1 - 13 = 0. What are the prime factors of -1 + (a + 33 - 1)?
2, 17
Suppose -1555 = -10*d + 665. What are the prime factors of d?
2, 3, 37
Suppose 4 = -11*m + 13*m. Let i(r) = 6*r**3 - 2*r**2 - 3*r + 2. What are the prime factors of i(m)?
2, 3
Suppose 0 = 3*j - 151 + 40. List the prime factors of j.
37
Suppose -k = -0*k - 6. Suppose k*n - 3*n - 81 = 0. List the prime factors of n.
3
Suppose -3*a + 4*h = -50 - 31, -a = -2*h - 25. Suppose -z - 4*c - 1 = -a, -5*z = -2*c - 40. What are the prime factors of z?
2, 5
Let d = -25 - -50. What are the prime factors of d?
5
Let i = 4 + -8. Let s be 6/4*(-8)/6. Let u = s - i. What are the prime factors of u?
2
What are the prime factors of 4 + -46*(-2)/4?
3
Suppose 5*v + 174 = 1054. What are the prime factors of 6/15 - v/(-10)?
2, 3
Suppose 2*i - 48 = -a - i, -256 = -5*a + i. List the prime factors of a.
3, 17
Let u(k) = -k**3 + 10*k**2 - 9*k + 10. Let j(t) = t**2 + 3*t - 1. Let v be j(4). Suppose w - v = -2*w. List the prime factors of u(w).
2, 5
Suppose -4*x - 3*b = -9, 4*x + 9 = 4*b - b. Suppose x = -j - 7 + 35. List the prime factors of j.
2, 7
Suppose 9 = 3*z - 6. Suppose 5*g + 2*k - 7*k = 45, 0 = -3*g - 2*k + 7. Suppose z*f = -g, f - 6 = -2*s + 1. What are the prime factors of s?
2
Let y = 306 + -183. What are the prime factors of y?
3, 41
Let f(t) = -8*t - 4 + 0 - 19*t + 5*t. Let k be f(-4). Suppose 5*y - o = k, y - 4*o - 6 = 7. What are the prime factors of y?
17
Let r(f) be the third derivative of -f**4/24 + 4*f**3/3 + f**2. What are the prime factors of r(0)?
2
Let n be (-3)/9 - (-70)/3. Let w = -6 + n. What are the prime factors of w?
17
Suppose d = 4*d - 9. Suppose -d*v = v - 52. List the prime factors of v.
13
What are the prime factors of 2*(2 + (-3)/(-2))?
7
Suppose -2*a = o - 3*a - 33, 2*a = 10. List the prime factors of o.
2, 19
Let o = 3 + -5. Suppose 0*f + 2*f = 10. Let a = f + o. List the prime factors of a.
3
Let w be 22/(-18) - (-8)/36. Let x = 2 + w. Let l = x + 10. List the prime factors of l.
11
Let v(o) be the first derivative of -o**2 - 5*o - 1. What are the prime factors of v(-4)?
3
Let b = 8 - -34. Suppose 0*h + 3*h + 23 = x, 0 = -2*x + 5*h + b. What are the prime factors of x?
11
Suppose x = -10 + 25. Let y = 18 - x. List the prime factors of y.
3
Let i be (-3 - -2)/(2/(-6)). Suppose -2*l + 77 - 18 = 5*p, 16 = 2*p - i*l. List the prime factors of p.
11
Let q = -151 - -264. What are the prime factors of q?
113
Let m(h) = -h**3 - 4*h**2 + 1. Let s be m(-6). Suppose -4*d - 15 = -4*p + s, 5*p + d = 104. What are the prime factors of p?
3, 7
Suppose 14 - 6 = 4*c. List the prime factors of c.
2
Suppose 5*b - 287 = 73. What are the prime factors of b?
2, 3
Let c(t) = 60*t**3 - t + 1. Let x be c(1). Let y = -34 + x. List the prime factors of y.
2, 13
Suppose 0 = 3*c - 0*c - 33. What are the prime factors of c?
11
Suppose -5*f - 83 = -513. What are the prime factors of f?
2, 43
Let h be (-48)/9*18/4. List the prime factors of (9/(-12))/(1/h).
2, 3
Suppose 0 = 2*j + j - 27. List the prime factors of j.
3
Let m = -120 + 193. List the prime factors of m.
73
Let t = 24 + 13. What are the prime factors of t?
37
Let j(b) = 7*b**2. Suppose -z - 4*z - 5 = 0. List the prime factors of j(z).
7
Let s = -287 - -512. Suppose 2*w + 48 = -5*j + s, -2*w + 72 = 2*j. What are the prime factors of j?
5, 7
Suppose 18 = 5*v + 2*b - 52, 0 = -3*b - 15. Let h = v + -9. List the prime factors of h.
7
Let y = 798 - 444. List the prime factors of y.
2, 3, 59
Let d = 0 - 4. What are the prime factors of (-2)/d + 27/6?
5
Suppose 0 = 5*o - 161 + 11. What are the prime factors of o?
2, 3, 5
Let b(m) = -2*m**2 + 3*m + 1 + 6*m**2 + 0*m**2. List the prime factors of b(-3).
2, 7
Let m = 10 + -8. Suppose m*l - 110 = -3*l. What are the prime factors of l?
2, 11
Let l = 8 + -7. What are the prime factors of l/(-2) - (-123)/6?
2, 5
Suppose 3*a - 66 - 39 = 0. List the prime factors of a.
5, 7
Let a(d) = d**3 - 10*d**2 + 10*d + 7. Let o be a(9). Let b = o + -25. Let m(n) = -n - 5. What are the prime factors of m(b)?
2
Suppose -v + m + 151 = 3*v, 3*v - 4*m - 123 = 0. List the prime factors of v.
37
Let g(c) = 6*c - 1. Let z be g(-1). Let o = z + 11. What are the prime factors of o?
2
Let n be 12*(0 + 1/3). Suppose -3*d + n*d = 9. What are the prime factors of d?
3
Let j = 4 + 0. Let t be (-2094)/(-2